y + 55. Let i be s(27). Let u(a) = 11*a**3 - a + 1. Determine u(i).
11
Let d(m) be the third derivative of -m**5/60 - m**4/6 - m**3/3 - 18*m**2. Calculate d(-5).
-7
Let w(h) = -17*h**2 + 1 + 11*h**2 + 7*h**2. Let a(o) = o**3 - 4*o**2 - 4*o - 3. Let z(k) = -a(k) + w(k). What is z(6)?
-8
Let j(n) = -1 - n**2 + 0*n**2 + n + 2*n**2. Let z(u) = -4*u**2 - 12*u + 11. Let q(d) = -5*j(d) - z(d). Calculate q(5).
4
Let p(t) = -5*t. Let b(a) = a - 2. Let m be b(4). Suppose -m*r - 5 = 3*r. Calculate p(r).
5
Let k(q) = 30 - 17 - 2*q - 23. Determine k(-7).
4
Let u(t) = 2*t - 6. Suppose 0 = 4*z - 0*z - 5*d - 23, -2*d - 38 = -4*z. Suppose -4*k + z = -k. Give u(k).
2
Let k(l) = -l**3 + l**2 - 2*l + 1. Let y(f) = 8 - 6 + f - 1. Suppose -5*o + 5 = 2*s, 5*o - 5 = 5*s - 0*s. Let v be y(s). What is k(v)?
-1
Let k(c) be the third derivative of c**5/60 - c**4/12 - c**3 - c**2. Let o = -15 + 11. Give k(o).
18
Let j(t) = t. Let k(c) = 3*c - 5. Let f(u) = 5*j(u) - k(u). Determine f(-5).
-5
Let s(i) = 6*i - 2*i - 7 + 0*i**2 + i**3 - i**2 - 5*i**2. What is s(6)?
17
Let l(c) be the second derivative of -c**5/20 + c**4/2 - 7*c**3/6 + 3*c**2/2 - 2*c. Let h = 4 - 1. Suppose -2 = -h*v + 13. Calculate l(v).
-7
Suppose -2*p - 21 = 21. Let z = p - -15. Let j = z + 7. Let f(n) = -2*n**2. Give f(j).
-2
Let c(h) = h**3 - h**2 + 2*h - 1. Let t(g) = g - 8. Suppose 4*r - f = 38, 40 = 2*r + r + 5*f. Let p be t(r). Suppose 0 = -s + 4, -s + 2*s = p*w. Give c(w).
7
Let j(g) = g**3 + 5*g**2 + g. Let i(c) = -c**3 - 6*c**2 - c + 1. Let t(y) = -5*i(y) - 6*j(y). Let z(h) be the first derivative of t(h). Determine z(1).
-4
Let n(u) = -18 + 7*u**2 - 7*u + u**3 - 6 + 32. Give n(-8).
0
Let b(q) = -2*q**3 + q**2 - q. Suppose -4*t - 1 + 13 = 0. Suppose -12 = -3*p, t*s + 2*s = -p + 9. Calculate b(s).
-2
Let i(k) = -2*k - 8. Suppose 2*r + f = -9, -6*f + 45 = -5*r - f. Give i(r).
4
Let u(r) = -6*r + 15*r**2 - 8*r**2 - 2 - r**3 - 4. Calculate u(5).
14
Suppose 4*z + 0 = -8. Let u be -6*(-1)/z - 2. Let s(m) = -m**2 - 6*m - 7. Calculate s(u).
-2
Suppose -7 = -3*h + 8. Suppose -h*s - 10 = 6*k - k, 0 = 4*k. Let t be (s/4)/((-1)/8). Let x(o) = -o + 9. What is x(t)?
5
Let p(g) = -13 + 5 + 2*g**2 - g**2 + 5*g. Give p(-6).
-2
Let z(o) be the third derivative of o**4/24 + 8*o**3/3 - 20*o**2. Calculate z(-11).
5
Let u(o) = -11*o**3 + 1. Suppose -i + 1 = -j - 3*j, 5*j = -3*i - 14. Let w be u(j). Suppose -5*y + y = -w. Let k(l) = l**2 - l + 1. Calculate k(y).
7
Let l(o) = o**2 + 6*o - 8. Let f be 21/14*10/3. Suppose -4 = f*b + 21. Let y be 1/((-10)/(-12))*b. Determine l(y).
-8
Suppose r + 4*a - 37 = 0, a + 117 = 5*r + 4*a. Suppose t + o + 3 = 0, t = -0*t + 5*o + r. Let j(y) = -y**3 + 2*y**2 - y + 1. Calculate j(t).
1
Let z be ((-3)/5)/((-7)/70). Let h(g) = -g. Let q(s) = 5*s - 8. Let t(x) = z*h(x) + q(x). Calculate t(0).
-8
Let t(b) = -b**3 + 6*b**2 - 1. Let n = 22 + -16. Calculate t(n).
-1
Let t(g) = g + 2. Let c(q) = -3*q**2 + 20*q + 4. Let b be c(7). Determine t(b).
-1
Suppose -1 = -3*l - o, -4*l + 37 = -4*o + 9. Let y(u) = -u**2 - 5*u**2 - 2 + 5*u**l - 8*u + 2*u. What is y(-6)?
-2
Suppose -2*n = 3*n - 2*i - 26, 4*i - 20 = -2*n. Let c(a) = 1 + 0 + 6 + 18*a - 20*a. Determine c(n).
-5
Let x(q) = -q**2 - 2*q + 4. Let r be 3/1*(-2 - -1). Let l(h) = 0 - 6 + 2*h + 4 - 3. Let n(d) = r*l(d) - 4*x(d). What is n(1)?
5
Let d(o) = -o**2 + 2*o + 6. Let x(b) = -b. Let h(t) = d(t) - 3*x(t). Give h(7).
-8
Let f be 24/(-20)*(-5)/2. Let c(t) = 2*t**2 - 3*t + 2*t**2 - 3*t**2. Calculate c(f).
0
Suppose -d + 38 = 3*f, -5*d + 47 + 95 = 3*f. Let q(r) = -2*r + 2. Let x(i) = 9*i - 8. Let a(u) = d*q(u) + 6*x(u). Determine a(-5).
-6
Suppose -6 = -3*x, -2*x = a - 0*x - 3. Let d(y) = -y - 1. Let q(l) = 6*l + 9. Let i(c) = a*q(c) - 5*d(c). Suppose b + 8 = -3*b. Determine i(b).
-2
Let a(k) be the third derivative of k**7/1260 - k**6/180 + k**5/40 - 5*k**4/24 + 5*k**2. Let q(b) be the second derivative of a(b). Calculate q(2).
3
Let f be 5/(-2)*(-8)/(-2). Let c = 15 + f. Suppose 0*o = -g + 5*o + 23, -2*g = -c*o - 21. Let k(i) = 2*i**2 + 2*i + 1. Calculate k(g).
5
Let l(m) = -m**3 + 5*m**2 + 7*m - 1. Suppose 2*o + 7 - 31 = -4*b, -o - 6 = -4*b. Give l(o).
5
Suppose -20 = -4*h, -5*y - h + 0*h = -20. Let t(s) = -3*s**3 - s**2 + 2*s + 2. Let w(r) = 7*r**3 + 3*r**2 - 3*r - 5. Let k(n) = 5*t(n) + 2*w(n). Give k(y).
-6
Let i(b) = b**2 - 3*b - 3. Let m = -17 - -19. Suppose -5*z - 2*v = -10, -2*z - 2*z - 25 = -5*v. Suppose -g + m + 1 = z. Determine i(g).
-3
Let z(k) be the first derivative of k**2/2 + 3*k - 31. What is z(-3)?
0
Let q(v) = 9*v - 27 + 41 - v**2 - 23. What is q(7)?
5
Let v(q) = -q + 6. Let y(r) = r**3 + 2*r**2 - 2*r + 3. Let m be 4/(-4)*(-1 - 4). Suppose 5*i = -u - 17 - 3, -m*i = -3*u. Let p be y(i). What is v(p)?
6
Let m(o) be the third derivative of -o**5/120 + o**4/24 + o**3 - 3*o**2. Let b(h) be the first derivative of m(h). Give b(4).
-3
Let y(h) = h**2 - h + 3. Let v(j) = j**2 - j + 4. Let u(b) = -4*v(b) + 5*y(b). Let s(p) = -4*p**2 + 9*p - 3. Let o(m) = -s(m) - 3*u(m). What is o(5)?
1
Suppose 19 = 3*n + 4. Suppose -2*w + n*w + 6 = 0. Let x(u) = 2*u**2 - 2*u - 3. Calculate x(w).
9
Let c = -4 - -6. Let x(t) = 5*t - 2 - 5*t + 4 - 3*t. What is x(c)?
-4
Let c(q) = 5*q**3 + 41*q + 0 - 83*q + 41*q + 1. Give c(1).
5
Let i = 3 + -1. Let o be (1/(-2))/(i/(-20)). Let r(p) = 5 + 7*p - 3 - 8 - p**2. What is r(o)?
4
Let f = -69 + 69. Let r(q) be the third derivative of -q**4/24 - q**3/2 - q**2. Calculate r(f).
-3
Let s be 1 + (4 - 2 - -3). Suppose -4*k - 2*p = 0, -p = -4*k - s*p - 12. Let z(x) = -k*x - x + 2*x. What is z(-1)?
1
Let z(f) = -6 + 7 - f + f - 2*f - f**3. Determine z(2).
-11
Let i(o) = -1 + 7 - 3*o - 7. Give i(4).
-13
Let a(g) = -g**3 - g + 1. Let i(d) = -6*d**3 - 4*d**2 - 5*d + 10. Let t(v) = 5*a(v) - i(v). Let f be (-4)/3*6/2. Give t(f).
-5
Suppose 2*w - 9 + 1 = 0. Suppose -w*l - 5*g = -0*l - 25, 0 = 4*g - 4. Let h(k) = l*k - k**3 + 4 - k - 2*k**2 - k**2. Determine h(-4).
4
Let j be (0/(-6 + 3))/2. Let b(d) = -2*d**2 + j - 2*d**3 + 1 - d**3. Give b(-1).
2
Let l(q) = 2*q**3 + 17*q**2 + 17*q + 15. Let s(a) = -a**3 - 9*a**2 - 9*a - 8. Let p(g) = -6*l(g) - 11*s(g). Give p(-3).
7
Let x(d) = -d**2 - d**3 + 2*d + 4*d**2 + 1 - d**2. Let n be x(-1). Let k(i) = -i - i**3 + 8*i - 7*i**n + 2*i**2. What is k(-6)?
-6
Let g(s) be the third derivative of s**4/24 + 2*s**3/3 - 2*s**2. Calculate g(7).
11
Let t(h) = -11*h + 47. Let g(v) = 5*v - 23. Let p(a) = -13*g(a) - 6*t(a). Calculate p(-8).
9
Let x(w) = w + 5. Let y be x(-8). Let m(z) = 3*z. What is m(y)?
-9
Suppose 0 = -16*z + 10 - 42. Let r(t) = -t + 2. Give r(z).
4
Let k(v) = 2*v - 4. Let x be k(5). Let n(j) = 1 + 6*j - j**2 + 10 - 9. Determine n(x).
2
Let a(s) = -4*s**2 + s + 1. Suppose 0 = -3*r + 3*m + 21, -4*m + 2*m - 12 = -r. Suppose k + 3*y = y + 9, -4*k + 6 = r*y. Give a(k).
-4
Let h(d) be the third derivative of 0 + 1/24*d**4 + 0*d**5 + 0*d + 0*d**3 + 1/360*d**6 - d**2. Let r(l) be the second derivative of h(l). Calculate r(-2).
-4
Suppose 12 = -3*y, 24 = 3*u + u - 3*y. Let q(s) = 4*s**2. Let f(h) = -h**2 - 1. Let j(v) = -3*f(v) - q(v). Calculate j(u).
-6
Let j(z) = 4*z**3 + z. Let n be j(-1). Let p(b) be the third derivative of b**3 + 1/24*b**4 + 0*b - b**2 + 0. Calculate p(n).
1
Let j(v) = v**2 + 4*v + 4. Let p(d) = 6*d - 8. Let b(r) = -r - 1. Let m(y) = 5*b(y) + p(y). Suppose 0*o = 4*o - 36. Let n be m(o). Give j(n).
4
Let u(j) be the first derivative of j**4/4 + j**2/2 + 3. Let q = 4 - 0. Suppose -s - q = -t, 3*t - 10 - 2 = 0. Determine u(s).
0
Let x(g) be the first derivative of -3*g**2 + 2*g + 2. Let p(a) = 6*a - 3. Let y(l) = 2*p(l) + 3*x(l). Let t be (-9)/63 - (-6)/(-7). Give y(t).
6
Let n(m) = m - 8. Let t be (-8)/(-6)*63/14. What is n(t)?
-2
Let c = -15 + 7. Let g(t) = t**3 - t + 11. Let u be g(0). Let k = u + c. Let i(f) = f + 3. Calculate i(k).
6
Let r(l) = l**3 + l**2 + 2. Let j be r(0). Let w(k) = -3*k**2 + j + 4*k - k + 2*k**2. Suppose 3*o = 12*o - 27. Give w(o).
2
Let l(c) = c**3 - c**2 - 2*c. Let h = -43 - -41. Calculate l(h).
-8
Let x(g) be the second derivative of g**4/12 + 5*g**3/6 + g**2 - 43*g. Give x(-6).
8
Suppose -3*f + 24 = -24. Suppose -5*a - 2*t = -3*t + f, -5*a - 20 = -5*t. Let p(l) = l**3 + 4*l**2 + l - 4. Give p(a).
2
Let q(u) be the second derivative of u